{"id":254,"date":"2015-10-28T19:43:22","date_gmt":"2015-10-28T18:43:22","guid":{"rendered":"http:\/\/fibernowogrod.pl\/?page_id=254"},"modified":"2015-10-28T19:43:22","modified_gmt":"2015-10-28T18:43:22","slug":"kadra-a-klasa","status":"publish","type":"page","link":"https:\/\/www.fibernowogrod.pl\/index.php\/o-stowarzyszeniu\/kategoria\/tenis-stolowy\/a-klasa\/kadra-a-klasa\/","title":{"rendered":"Kadra &#8211; A Klasa"},"content":{"rendered":"<p><code>Tabela o ID 17 nie istnieje.<\/code><\/p>\n<p>&nbsp;<\/p>\n<p><code>Tabela o ID 19 nie istnieje.<\/code><\/p>\n<p>&nbsp;<\/p>\n<p style=\"text-align: center;\"><strong>Dru\u017cyna FIBER II Nowogr\u00f3d Bobrza\u0144ski<\/strong><\/p>\n<table style=\"width: 100%;\">\n<tbody>\n<tr>\n<td style=\"width: 33%; text-align: center;\">Roman M\u0105czkowski<\/p>\n<p style=\"text-align: center;\"><img loading=\"lazy\" decoding=\"async\" class=\"size-thumbnail wp-image-661 aligncenter\" src=\"http:\/\/fibernowogrod.pl\/wp-content\/uploads\/2015\/10\/maczkowski_r-119x140.jpg\" alt=\"maczkowski_r\" width=\"119\" height=\"140\" \/><\/p>\n<\/td>\n<td style=\"width: 33%; text-align: center;\">Stanis\u0142aw Droszczak<\/p>\n<p style=\"text-align: center;\"><img loading=\"lazy\" decoding=\"async\" class=\"size-thumbnail wp-image-635 aligncenter\" src=\"http:\/\/fibernowogrod.pl\/wp-content\/uploads\/2015\/10\/droszczak-112x140.jpg\" alt=\"droszczak\" width=\"112\" height=\"140\" \/><\/p>\n<\/td>\n<td style=\"width: 33%; text-align: center;\">Marek Janusz<\/p>\n<p style=\"text-align: center;\"><img loading=\"lazy\" decoding=\"async\" class=\"size-thumbnail wp-image-660 aligncenter\" src=\"http:\/\/fibernowogrod.pl\/wp-content\/uploads\/2015\/10\/janusz-119x140.jpg\" alt=\"janusz\" width=\"119\" height=\"140\" \/><\/p>\n<\/td>\n<\/tr>\n<tr>\n<td style=\"text-align: center;\">Jan Deka<\/p>\n<p style=\"text-align: center;\"><img loading=\"lazy\" decoding=\"async\" class=\"size-thumbnail wp-image-662 aligncenter\" src=\"http:\/\/fibernowogrod.pl\/wp-content\/uploads\/2015\/10\/deka-122x140.jpg\" alt=\"deka\" width=\"122\" height=\"140\" \/><\/p>\n<\/td>\n<td style=\"text-align: center; vertical-align: top;\">\n<p style=\"text-align: center;\">Tomasz M\u0105czkowski<\/p>\n<p style=\"text-align: center;\"><img loading=\"lazy\" decoding=\"async\" class=\"aligncenter wp-image-633\" src=\"http:\/\/fibernowogrod.pl\/wp-content\/uploads\/2015\/10\/maczkowski_t-132x140.jpg\" alt=\"maczkowski_t\" width=\"122\" height=\"130\" \/><\/p>\n<\/td>\n<td style=\"text-align: center; vertical-align: top;\">Dariusz Paw\u0142owski<\/td>\n<\/tr>\n<tr>\n<td style=\"text-align: center;\">\u00a0Piotr Pruszkowski<\/td>\n<td style=\"text-align: center;\"><\/td>\n<td style=\"text-align: center;\"><\/td>\n<\/tr>\n<\/tbody>\n<\/table>\n","protected":false},"excerpt":{"rendered":"<p>&nbsp; &nbsp; Dru\u017cyna FIBER II Nowogr\u00f3d Bobrza\u0144ski Roman M\u0105czkowski Stanis\u0142aw Droszczak Marek Janusz Jan Deka&#8230;<\/p>\n","protected":false},"author":1,"featured_media":0,"parent":218,"menu_order":0,"comment_status":"closed","ping_status":"closed","template":"","meta":{"footnotes":""},"class_list":["post-254","page","type-page","status-publish","hentry"],"_links":{"self":[{"href":"https:\/\/www.fibernowogrod.pl\/index.php\/wp-json\/wp\/v2\/pages\/254","targetHints":{"allow":["GET"]}}],"collection":[{"href":"https:\/\/www.fibernowogrod.pl\/index.php\/wp-json\/wp\/v2\/pages"}],"about":[{"href":"https:\/\/www.fibernowogrod.pl\/index.php\/wp-json\/wp\/v2\/types\/page"}],"author":[{"embeddable":true,"href":"https:\/\/www.fibernowogrod.pl\/index.php\/wp-json\/wp\/v2\/users\/1"}],"replies":[{"embeddable":true,"href":"https:\/\/www.fibernowogrod.pl\/index.php\/wp-json\/wp\/v2\/comments?post=254"}],"version-history":[{"count":0,"href":"https:\/\/www.fibernowogrod.pl\/index.php\/wp-json\/wp\/v2\/pages\/254\/revisions"}],"up":[{"embeddable":true,"href":"https:\/\/www.fibernowogrod.pl\/index.php\/wp-json\/wp\/v2\/pages\/218"}],"wp:attachment":[{"href":"https:\/\/www.fibernowogrod.pl\/index.php\/wp-json\/wp\/v2\/media?parent=254"}],"curies":[{"name":"wp","href":"https:\/\/api.w.org\/{rel}","templated":true}]}}